t l(f) = -2*f**2 + 6*f. Determine l(4).
-8
Let d(g) = -g**3 + 33*g**2 + 34*g - 6. Determine d(34).
-6
Let z(u) = u**2 - 5*u - 1. Calculate z(5).
-1
Let d(k) = k**3 - 4*k**2 + 3*k - 6. Calculate d(4).
6
Let b(r) = -r**2 - 4*r + 7. Give b(-9).
-38
Let x(s) = -s - 18. What is x(-11)?
-7
Let j(u) = -u**2 + 12*u - 72. What is j(7)?
-37
Let y(o) = 5*o**2 - 2*o + 4. Calculate y(0).
4
Let b(g) = -12*g - 28. What is b(-3)?
8
Let n(f) = -f**3 + 6*f**2 + 8*f + 9. Calculate n(7).
16
Let t(b) = -2*b**2 + 23*b + 27. Determine t(13).
-12
Let l(x) = -x**2 + 11*x + 15. Calculate l(11).
15
Let l(x) = 2*x**3 + 3*x**2 + 6*x + 2. What is l(-2)?
-14
Let o(j) = -j**3 + 13*j**2 + 11*j + 33. What is o(14)?
-9
Let w(f) = -2*f**2 - 27*f - 7. Determine w(-13).
6
Let c(y) = -y - 9. Give c(-5).
-4
Let a(u) = -4*u**2 + u + 8. Give a(-5).
-97
Let o(g) = g**3 + 27*g**2 - 35*g - 196. What is o(-28)?
0
Let b(s) = 2*s. Give b(1).
2
Let q(h) = -27*h**3 + h**2 - h - 2. What is q(-1)?
27
Let a(h) = 8*h**2 + 9*h + 9. Determine a(-2).
23
Let w(c) = -10*c**2 + c. Give w(1).
-9
Let j(q) = -2*q - 7. Calculate j(2).
-11
Let j(q) = -q**2 + 5*q - 3. Calculate j(4).
1
Let k(x) = -4*x**2 - 48*x - 111. Calculate k(-3).
-3
Let x(b) = b**3 + 4*b**2 - b + 11. What is x(-5)?
-9
Let b(l) = 6*l**2 - 2*l - 2. Give b(2).
18
Let d(n) = -n**3 + 4*n**2 - 4*n + 3. Determine d(4).
-13
Let l(g) = -g**3 + 5*g**2 - 2*g + 14. Determine l(5).
4
Let l(r) = 33*r**3 + 3*r**2 - 3*r. Give l(1).
33
Let u(j) = 2*j + 5. Give u(-6).
-7
Let r(n) = n**2 + 42*n + 215. Give r(-6).
-1
Let c(i) = 3*i**2 - 2*i - 25. Calculate c(-4).
31
Let m(s) = -s**2 + 6*s + 3. Determine m(7).
-4
Let d(o) = 4*o + 3. Give d(-1).
-1
Let m(t) = 6*t + 82. Determine m(-16).
-14
Let i(r) = -2*r + 12. Calculate i(5).
2
Let y(q) = 4*q + 6. Determine y(-1).
2
Let m(p) = 3*p**2 + 2*p - 1. What is m(1)?
4
Let a(u) = -23*u + 51. Calculate a(7).
-110
Let p(x) = -2*x + 5. Calculate p(6).
-7
Let p(s) = -s**3 + 6*s**2 + 3*s - 8. What is p(6)?
10
Let w(l) = -l**3 - 10*l**2 - 4*l - 4. Determine w(-10).
36
Let k(y) = 43*y + 32. What is k(-4)?
-140
Let k(j) = -10*j - 57. What is k(-6)?
3
Let q(x) = -x**3 + 7*x**2 + 2*x - 1. Determine q(5).
59
Let l(b) = -3*b + 9. Give l(4).
-3
Let x(v) = 10*v - 15. Give x(5).
35
Let j(w) = 2*w**3 - 4*w**2 - 2*w - 9. What is j(4)?
47
Let u(g) = -g**3 + 9*g**2 - 16*g + 4. What is u(7)?
-10
Let m(y) = 29*y**2 + y. Give m(-1).
28
Let i(j) = -j**2 + 2. Determine i(2).
-2
Let m(v) = -v**2 + 9. Give m(7).
-40
Let r(m) = -m**2 + 13*m - 13. Calculate r(12).
-1
Let k(q) = -2*q**3 - 12*q**2 + 33*q + 27. Give k(-8).
19
Let w(r) = r**2 - 8*r + 9. Determine w(9).
18
Let d(c) = -3*c - 8. Give d(-7).
13
Let a(p) = p + 2. What is a(-8)?
-6
Let p(u) = u**3 + 34*u**2 + 43*u + 335. What is p(-33)?
5
Let m(q) = -q**3 + 4*q**2 + 7*q + 5. Give m(5).
15
Let j(x) = -x**2 + 18*x - 13. Determine j(-6).
-157
Let d(s) = -s**2 + 16*s + 11. Calculate d(12).
59
Let p(z) = -z**3 + 7*z**2 - 8*z - 1. Calculate p(5).
9
Let y(q) = q**2 - 7*q + 9. Calculate y(4).
-3
Let n(v) = 2*v**3 - v**2 + v - 12. Determine n(0).
-12
Let q(s) = -8*s + 11. Give q(7).
-45
Let c(v) = v**3 - 10*v**2 - 14*v + 28. What is c(11)?
-5
Let g(d) = -d**3 - 20*d**2 - 18*d + 25. Calculate g(-19).
6
Let n(r) = r**2 - 19. Give n(10).
81
Let y(f) = -f**3 - 11*f**2 - 2*f - 8. What is y(-11)?
14
Let i(r) = -3*r + 29. Calculate i(8).
5
Let f(j) = 2*j + 3. Give f(6).
15
Let y(r) = -21*r - 88. What is y(-3)?
-25
Let k(l) = l**2 - 19*l + 54. Give k(16).
6
Let x(b) = -74*b + 604. Give x(8).
12
Let j(c) = -9*c**2 + c - 2. What is j(-3)?
-86
Let v(a) = -11*a**3 - 3*a**2 + a + 2. Determine v(-2).
76
Let w(r) = 2*r**2 - 5. What is w(5)?
45
Let r(d) = -3*d**2 - 14*d. Calculate r(-5).
-5
Let x(w) = 3*w - 15. What is x(6)?
3
Let a(n) = 6*n**2 - 4*n - 7. Give a(0).
-7
Let f(t) = 2*t + 18. What is f(-9)?
0
Let n(z) = 22*z - 38. What is n(2)?
6
Let j(t) = 26*t**2 - 101*t + 2. Determine j(4).
14
Let r(o) = 3*o + 4. Give r(4).
16
Let u(w) = -3*w**3 - 2*w**2 - 2*w - 2. What is u(-2)?
18
Let u(r) = -2*r**2 + 11*r - 14. Determine u(3).
1
Let p(q) = -12*q - 60. Calculate p(-5).
0
Let x(v) = 26*v + 13. Give x(-2).
-39
Let i(b) = 13*b + 25. Give i(2).
51
Let j(r) = -2*r + 23. Determine j(16).
-9
Let k(t) = -7*t**2 + t + 1. Determine k(-2).
-29
Let a(r) = -3*r**2 + 33*r - 12. Calculate a(10).
18
Let n(r) = 3*r + 34. Calculate n(-12).
-2
Let a(u) = u**3 + 10*u**2 + 14*u - 14. Give a(-8).
2
Let j(y) = -y**2 - 34*y + 147. What is j(4)?
-5
Let h(t) = -2*t**3. What is h(1)?
-2
Let m(s) = -s + 50. Determine m(11).
39
Let t(w) = w**3 - 8*w**2 - 4*w + 28. Determine t(8).
-4
Let a(u) = -5*u - 25. What is a(-7)?
10
Let t(g) = 3*g**3 + 58*g**2 + 21*g + 47. Determine t(-19).
9
Let k(y) = y**3 + 3*y**2 - 19*y. Calculate k(-6).
6
Let f(a) = a**3 - 13*a**2 - 18*a + 41. Determine f(13).
-193
Let m(o) = -o + 15. What is m(5)?
10
Let n(f) = -f**2 - 7*f + 2. Give n(-10).
-28
Let q(w) = -w - 8. Calculate q(-7).
-1
Let l(b) = 5*b**2 - b + 1. Give l(1).
5
Let g(w) = -2*w**3 - w**2 - 2*w - 12. What is g(0)?
-12
Let o(y) = y**2 + 9*y + 10. Give o(-3).
-8
Let v(j) = -j**3 + 9*j**2 + 12*j - 15. Determine v(10).
5
Let x(z) = 2*z + 13. Calculate x(-12).
-11
Let u(o) = -8*o + 82. Calculate u(12).
-14
Let d(a) = 2*a + 4. Calculate d(18).
40
Let j(g) = -g**3 - 10*g**2 - 13*g + 1. What is j(-8)?
-23
Let i(k) = 10*k**3 - 2*k**2 + 3*k - 1. What is i(1)?
10
Let z(p) = p**3 - p**2 - p + 18. Give z(0).
18
Let a(c) = c**2 + 4*c - 3. Calculate a(2).
9
Let q(l) = -l**2 - 17*l + 17. What is q(-18)?
-1
Let n(h) = -8*h - 1. What is n(-2)?
15
Let p(v) = 6*v**2 - 4*v - 2. Determine p(2).
14
Let x(d) = 5*d - 4. What is x(4)?
16
Let w(d) = -4*d**2 + 23*d + 1. Determine w(6).
-5
Let p(y) = 27*y + 155. Give p(-6).
-7
Let a(q) = 10*q + 55. Calculate a(-13).
-75
Let j(k) = k**3 + 27*k**2 - 28*k - 7. Determine j(-28).
-7
Let d(q) = 10*q - 2. Calculate d(-1).
-12
Let k(m) = -m**2 - 3*m - 1. What is k(-1)?
1
Let d(n) = -n**3 - 4*n**2 + 3*n + 8. Calculate d(-4).
-4
Let u(d) = 5*d**2 - 6. What is u(2)?
14
Let h(r) = -14*r + 21. Determine h(0).
21
Let o(h) = h - 30. What is o(9)?
-21
Let m(i) = i - 16. Give m(10).
-6
Let d(r) = 100*r + 102. Determine d(-1).
2
Let t(p) = -12*p + 58. Determine t(6).
-14
Let a(x) = 2*x**2 + 9*x - 5. Calculate a(2).
21
Let b(p) = -19*p + 99. Calculate b(4).
23
Let r(j) = -j**3 + 15*j**2 - 12*j - 43. What is r(14)?
-15
Let x(p) = -p**3 + 5*p**2 - 5*p + 2. Determine x(3).
5
Let t(b) = -b**2 + b - 16. Calculate t(0).
-16
Let s(b) = 6*b**3 - 56*b**2 + 17*b - 15. Calculate s(9).
-24
Let c(i) = 3*i**2 + 3*i - 4. What is c(1)?
2
Let l(i) = i**3 - 6*i**2 + 2*i + 10. Calculate l(6).
22
Let j(n) = -2*n**2 + n + 1. Give j(-4).
-35
Let w(r) = 2*r - 30. Determine w(11).
-8
Let g(o) = -14*o**2 - 4*o. Determine g(3).
-138
Let l(c) = c**3 + 21*c**2 + 20*c - 10. What is l(-20)?
-10
Let m(j) = j**3 + 5*j**2 - 5. Determine m(-4).
11
Let i(o) = -o**3 + 5*o**2 + 5*o + 7. Determine i(6).
1
Let f(q) = -q**3 + 15*q**2 + 56*q - 44. Calculate f(18).
-8
Let p(h) = -4*h - 27. Determine p(-8).
5
Let t(f) = f + 4. Give t(-2).
2
Let h(f) = f**3 - 11*f**2 + 14*f + 5. What is h(6)?
-91
Let v(g) = g**3 + 4*g**2 - 6*g + 6. Give v(-6).
-30
Let y(k) = -6*k + 241. Determine y(43).
-17
Let x(r) = r**2 - 13*r + 34. Determine x(12).
22
Let i(g) = g**2 - 17*g. Determine i(16).
-16
Let a(p) = 12*p**2 - 2*p + 2. What is a(-2)?
54
Let i(s) = -s**3 + 9*s**2 - 17*s + 149. Determine i(9).
-4
Let h(g) = -82*g + 487. Give h(6).
-5
Let f(w) = -w**3 - 9*w**2 - 9*w - 12. Calculate f(-8).
-4
Let y(w) = -w**3 + 14*w**2 - 18*w + 1. Calculate y(12).
73
Let b(g) = 4*g**2 + 3*g - 2. What is b(1)?
5
Let o(l) = 3*l**3 - 18*l**2 - 4*l + 7. What is o(6)?
-17
Let i(y) = y**3 - 2*y + 50. Calculate i(0).
50
Let t(l) = -l**2 + 8*l - 19. Calculate t(4).
-3
Let h(b) = 12*b - 11. Give h(4).
37
Let h(d) = -5*d + 33. What is h(15)?
-42
Let g(u) = 4*u + 12. Give g(-4).
-4
Let y(l) = 84*l**2 + l. Calculate y(-1).
83
Let p(y) = 3*y - 10. Calculate p(2).
-4
Let i(u) = 16*u**2 + 2*u - 1. Calculate i(1).
17
Let p(d) = -d - 1. What is p(8)?
-9
Let g(d) = -d - 3. What is g(1)?
-4
Let z(n) = n**2 - 14*n - 17. Determine z(16).
15
Let u(w) = -w**3 - 6*w**2 - 7*w - 7. Give u(-5).
3
Let c(z) = -5*z - 16. Calculate c(9).
-61
